{"id":60,"date":"2015-01-05T11:08:24","date_gmt":"2015-01-05T10:08:24","guid":{"rendered":"http:\/\/wp.spino.se\/?page_id=60"},"modified":"2015-01-05T16:17:19","modified_gmt":"2015-01-05T15:17:19","slug":"massage","status":"publish","type":"page","link":"https:\/\/www.spino.se\/?page_id=60","title":{"rendered":"Massage"},"content":{"rendered":"<h3>Syfte<\/h3>\n<p>Massagen syftar till att hj\u00e4lpa kroppen l\u00f6sa upp sp\u00e4nningar musklerna.<\/p>\n<p>Massage kan ge positiva effekter:<\/p>\n<ul>\n<li>\u00d6kad blodcirkulationen<\/li>\n<li>\u00d6kad lymfcirkulationen<\/li>\n<li>Musklerna slappnar av<\/li>\n<li>Blodtrycket och pulsen sjunker<\/li>\n<li>K\u00e4nslan av stress och oro minskar<\/li>\n<li>Hum\u00f6ret, s\u00f6mnen och koncentrationen f\u00f6rb\u00e4ttras<\/li>\n<li>Immunf\u00f6rsvaret st\u00e4rks<\/li>\n<\/ul>\n<h3>M\u00e5ls\u00e4ttning<\/h3>\n<p>Massagens m\u00e5ls\u00e4ttningen \u00e4r att lindra patientens besv\u00e4r i r\u00f6relseapparaten och fr\u00e4mja en aktiv r\u00f6relsef\u00f6rm\u00e5ga.<\/p>\n<h3>Mass\u00f6ren<\/h3>\n<p>Mass\u00f6ren skall vara kunnig och professionell samt f\u00f6lja yrkesk\u00e5rens etiska regler.<\/p>\n<p>Mass\u00f6ren skall vara medlem i Kroppsterapeuternas Yrkesf\u00f6rbund samt inneha en patient- och ansvarsf\u00f6rs\u00e4kring.<\/p>\n<h3>Behandlingen<\/h3>\n<p>Klassisk svensk massage inneb\u00e4r att behandlingen utf\u00f6rs med h\u00e4nder direkt p\u00e5 huden. En behandlingen kan ta mellan 30-60 minuter.<\/p>\n<p>F\u00f6r mer info <a href=\"http:\/\/www.svenskmassage.se\/\" target=\"_blank\">http:\/\/www.svenskmassage.se\/.<\/a><\/p>\n","protected":false},"excerpt":{"rendered":"<p>Syfte Massagen syftar till att hj\u00e4lpa kroppen l\u00f6sa upp sp\u00e4nningar musklerna. Massage kan ge positiva effekter: \u00d6kad blodcirkulationen \u00d6kad lymfcirkulationen Musklerna slappnar av Blodtrycket och pulsen sjunker K\u00e4nslan av stress och oro minskar Hum\u00f6ret, s\u00f6mnen och koncentrationen f\u00f6rb\u00e4ttras Immunf\u00f6rsvaret st\u00e4rks M\u00e5ls\u00e4ttning Massagens m\u00e5ls\u00e4ttningen \u00e4r att lindra patientens besv\u00e4r i r\u00f6relseapparaten och fr\u00e4mja en aktiv r\u00f6relsef\u00f6rm\u00e5ga. &hellip;<\/p>\n<p class=\"read-more\"> <a class=\"\" href=\"https:\/\/www.spino.se\/?page_id=60\"> <span class=\"screen-reader-text\">Massage<\/span> L\u00e4s mer &raquo;<\/a><\/p>\n","protected":false},"author":1,"featured_media":0,"parent":0,"menu_order":0,"comment_status":"closed","ping_status":"open","template":"","meta":{"site-sidebar-layout":"default","site-content-layout":"default","ast-global-header-display":"","ast-main-header-display":"","ast-hfb-above-header-display":"","ast-hfb-below-header-display":"","ast-hfb-mobile-header-display":"","site-post-title":"","ast-breadcrumbs-content":"","ast-featured-img":"","footer-sml-layout":"","theme-transparent-header-meta":"","adv-header-id-meta":"","stick-header-meta":"","header-above-stick-meta":"","header-main-stick-meta":"","header-below-stick-meta":"","footnotes":""},"class_list":["post-60","page","type-page","status-publish","hentry"],"_links":{"self":[{"href":"https:\/\/www.spino.se\/index.php?rest_route=\/wp\/v2\/pages\/60","targetHints":{"allow":["GET"]}}],"collection":[{"href":"https:\/\/www.spino.se\/index.php?rest_route=\/wp\/v2\/pages"}],"about":[{"href":"https:\/\/www.spino.se\/index.php?rest_route=\/wp\/v2\/types\/page"}],"author":[{"embeddable":true,"href":"https:\/\/www.spino.se\/index.php?rest_route=\/wp\/v2\/users\/1"}],"replies":[{"embeddable":true,"href":"https:\/\/www.spino.se\/index.php?rest_route=%2Fwp%2Fv2%2Fcomments&post=60"}],"version-history":[{"count":1,"href":"https:\/\/www.spino.se\/index.php?rest_route=\/wp\/v2\/pages\/60\/revisions"}],"predecessor-version":[{"id":61,"href":"https:\/\/www.spino.se\/index.php?rest_route=\/wp\/v2\/pages\/60\/revisions\/61"}],"wp:attachment":[{"href":"https:\/\/www.spino.se\/index.php?rest_route=%2Fwp%2Fv2%2Fmedia&parent=60"}],"curies":[{"name":"wp","href":"https:\/\/api.w.org\/{rel}","templated":true}]}}