{"id":357,"date":"2025-11-05T22:47:45","date_gmt":"2025-11-05T21:47:45","guid":{"rendered":"https:\/\/www.spino.se\/?page_id=357"},"modified":"2025-11-07T16:49:23","modified_gmt":"2025-11-07T15:49:23","slug":"sekretessmeddelande","status":"publish","type":"page","link":"https:\/\/www.spino.se\/?page_id=357","title":{"rendered":"Sekretessmeddelande"},"content":{"rendered":"\n<p>Vi p\u00e5 Spino Friskv\u00e5rd v\u00e4rnar om din personliga integritet och behandlar dina personuppgifter i enlighet med dataskyddsf\u00f6rordningen (GDPR).<\/p>\n\n\n\n<p><strong>Vilka uppgifter vi samlar in<\/strong><\/p>\n\n\n\n<p>N\u00e4r du blir kund hos oss kan vi komma att spara f\u00f6ljande uppgifter om dig:<\/p>\n\n\n\n<p><strong>Namn<\/strong><\/p>\n\n\n\n<p><strong>E-postadress<\/strong><\/p>\n\n\n\n<p><strong>Telefonnummer<\/strong><br><br><strong>F\u00f6retagsnamn<\/strong> <br><\/p>\n\n\n\n<p>Vi anv\u00e4nder dessa uppgifter f\u00f6r att kunna:<\/p>\n\n\n\n<ul class=\"wp-block-list\">\n<li>Hantera ditt k\u00f6p eller din best\u00e4llning<br><\/li>\n\n\n\n<li>Skicka kvitton, information och uppdateringar<br><\/li>\n\n\n\n<li>Tillhandah\u00e5lla kundservice och uppfylla v\u00e5ra avtalsenliga \u00e5taganden<\/li>\n<\/ul>\n\n\n\n<p><strong>Hur vi lagrar och skyddar dina uppgifter<\/strong><\/p>\n\n\n\n<p>Dina personuppgifter lagras p\u00e5 ett s\u00e4kert s\u00e4tt och endast beh\u00f6rig personal har tillg\u00e5ng till dem. Vi s\u00e4ljer aldrig vidare dina uppgifter till tredje part.<\/p>\n\n\n\n<p><strong>Dina r\u00e4ttigheter<\/strong><\/p>\n\n\n\n<p>Du har r\u00e4tt att:<\/p>\n\n\n\n<ul class=\"wp-block-list\">\n<li>F\u00e5 tillg\u00e5ng till de uppgifter vi har om dig<\/li>\n<\/ul>\n\n\n\n<ul class=\"wp-block-list\">\n<li>Beg\u00e4ra r\u00e4ttelse av felaktiga uppgifter<\/li>\n<\/ul>\n\n\n\n<ul class=\"wp-block-list\">\n<li>Beg\u00e4ra radering (\u201cr\u00e4tten att bli bortgl\u00f6md\u201d)<\/li>\n<\/ul>\n\n\n\n<ul class=\"wp-block-list\">\n<li>Begr\u00e4nsa eller inv\u00e4nda mot behandlingen av dina uppgifter<\/li>\n<\/ul>\n\n\n\n<p><strong>S\u00e5 h\u00e4r beg\u00e4r du radering eller tillg\u00e5ng<\/strong><\/p>\n\n\n\n<p>Du kan beg\u00e4ra \u00e5tkomst till eller radering av dina uppgifter p\u00e5 f\u00f6ljande s\u00e4tt:<\/p>\n\n\n\n<ul class=\"wp-block-list\">\n<li>Genom att klicka p\u00e5 l\u00e4nken l\u00e4ngst ner p\u00e5 det digitala kvitto du f\u00e5tt fr\u00e5n oss<\/li>\n<\/ul>\n\n\n\n<ul class=\"wp-block-list\">\n<li>Genom att klicka p\u00e5 l\u00e4nken l\u00e4ngst ner i v\u00e4lkomstmeddelandet du fick vid registrering<\/li>\n<\/ul>\n\n\n\n<ul class=\"wp-block-list\">\n<li>Genom att logga in p\u00e5 PayPals sekretessportal f\u00f6r att g\u00f6ra denna f\u00f6rfr\u00e5gan<br><\/li>\n\n\n\n<li>Eller genom att kontakta oss direkt via <a href=\"mailto:info@spino.se\">info@spino.se<\/a><\/li>\n<\/ul>\n\n\n\n<h3 class=\"wp-block-heading\"><strong>Personuppgiftsansvarig<\/strong><\/h3>\n\n\n\n<p><strong>Spino Friskv\u00e5rd AB<\/strong><strong><br><\/strong> Organisationsnummer: <strong>556314-3147<\/strong><strong><br><\/strong> Adress: <strong>Vegagatan 2, 722 23, V\u00e4ster\u00e5s<\/strong><strong><br><\/strong> E-post: <strong>info@spino.se<\/strong> <\/p>\n","protected":false},"excerpt":{"rendered":"<p>Vi p\u00e5 Spino Friskv\u00e5rd v\u00e4rnar om din personliga integritet och behandlar dina personuppgifter i enlighet med dataskyddsf\u00f6rordningen (GDPR). Vilka uppgifter vi samlar in N\u00e4r du blir kund hos oss kan vi komma att spara f\u00f6ljande uppgifter om dig: Namn E-postadress Telefonnummer F\u00f6retagsnamn Vi anv\u00e4nder dessa uppgifter f\u00f6r att kunna: Hur vi lagrar och skyddar dina &hellip;<\/p>\n<p class=\"read-more\"> <a class=\"\" href=\"https:\/\/www.spino.se\/?page_id=357\"> <span class=\"screen-reader-text\">Sekretessmeddelande<\/span> L\u00e4s mer &raquo;<\/a><\/p>\n","protected":false},"author":1,"featured_media":0,"parent":0,"menu_order":0,"comment_status":"closed","ping_status":"closed","template":"","meta":{"site-sidebar-layout":"default","site-content-layout":"default","ast-global-header-display":"","ast-main-header-display":"","ast-hfb-above-header-display":"","ast-hfb-below-header-display":"","ast-hfb-mobile-header-display":"","site-post-title":"","ast-breadcrumbs-content":"","ast-featured-img":"","footer-sml-layout":"","theme-transparent-header-meta":"","adv-header-id-meta":"","stick-header-meta":"","header-above-stick-meta":"","header-main-stick-meta":"","header-below-stick-meta":"","footnotes":""},"class_list":["post-357","page","type-page","status-publish","hentry"],"_links":{"self":[{"href":"https:\/\/www.spino.se\/index.php?rest_route=\/wp\/v2\/pages\/357","targetHints":{"allow":["GET"]}}],"collection":[{"href":"https:\/\/www.spino.se\/index.php?rest_route=\/wp\/v2\/pages"}],"about":[{"href":"https:\/\/www.spino.se\/index.php?rest_route=\/wp\/v2\/types\/page"}],"author":[{"embeddable":true,"href":"https:\/\/www.spino.se\/index.php?rest_route=\/wp\/v2\/users\/1"}],"replies":[{"embeddable":true,"href":"https:\/\/www.spino.se\/index.php?rest_route=%2Fwp%2Fv2%2Fcomments&post=357"}],"version-history":[{"count":4,"href":"https:\/\/www.spino.se\/index.php?rest_route=\/wp\/v2\/pages\/357\/revisions"}],"predecessor-version":[{"id":366,"href":"https:\/\/www.spino.se\/index.php?rest_route=\/wp\/v2\/pages\/357\/revisions\/366"}],"wp:attachment":[{"href":"https:\/\/www.spino.se\/index.php?rest_route=%2Fwp%2Fv2%2Fmedia&parent=357"}],"curies":[{"name":"wp","href":"https:\/\/api.w.org\/{rel}","templated":true}]}}