{"id":328,"date":"2023-08-28T21:38:53","date_gmt":"2023-08-28T19:38:53","guid":{"rendered":"https:\/\/www.spino.se\/?page_id=328"},"modified":"2023-08-28T21:54:51","modified_gmt":"2023-08-28T19:54:51","slug":"stotvagsbehandling","status":"publish","type":"page","link":"https:\/\/www.spino.se\/?page_id=328","title":{"rendered":"St\u00f6tv\u00e5gsbehandling"},"content":{"rendered":"\n<p class=\"has-ast-global-color-1-color has-ast-global-color-5-background-color has-text-color has-background\">Behandlingsmetoden har i m\u00e5nga \u00e5r varit en vetenskaplig och effektiv behandling av sm\u00e4rta i leder, senor, och muskler. Behandlingen \u00f6kar blodcirkulationen och l\u00e4ker ut inflammationer som uppst\u00e5tt i och med skadan. Specifika besv\u00e4r som behandlats \u00e4r: impingementsyndrom, tennis och golfarmb\u00e5ge, h\u00e4lsporre, h\u00e4lseneproblem, l\u00f6parkn\u00e4, hopparkn\u00e4 och h\u00f6ftsm\u00e4rta. Har \u00e4ven sett f\u00f6rb\u00e4ttringar vid behandling av karpaltunnelsyndrom.<\/p>\n\n\n\n<p class=\"has-ast-global-color-1-color has-ast-global-color-5-background-color has-text-color has-background\">Behandlingen utf\u00f6rs med applikator(pistol) som skickar mekaniska impulser in i det skadade problemomr\u00e5det, och d\u00e4rigenom skyndar p\u00e5 l\u00e4kningsprocessen.<br>Behandlingstiden \u00e4r 10-20 min per g\u00e5ng. Normalt r\u00e4cker 3-5st behandlingar. Behandlingsintervallet \u00e4r 1st behandling per vecka.<br>Kontakta Joackim Andersson p\u00e5 telefon 0707410976 f\u00f6r bokning av tid.<\/p>\n","protected":false},"excerpt":{"rendered":"<p>Behandlingsmetoden har i m\u00e5nga \u00e5r varit en vetenskaplig och effektiv behandling av sm\u00e4rta i leder, senor, och muskler. Behandlingen \u00f6kar blodcirkulationen och l\u00e4ker ut inflammationer som uppst\u00e5tt i och med skadan. Specifika besv\u00e4r som behandlats \u00e4r: impingementsyndrom, tennis och golfarmb\u00e5ge, h\u00e4lsporre, h\u00e4lseneproblem, l\u00f6parkn\u00e4, hopparkn\u00e4 och h\u00f6ftsm\u00e4rta. Har \u00e4ven sett f\u00f6rb\u00e4ttringar vid behandling av karpaltunnelsyndrom. Behandlingen &hellip;<\/p>\n<p class=\"read-more\"> <a class=\"\" href=\"https:\/\/www.spino.se\/?page_id=328\"> <span class=\"screen-reader-text\">St\u00f6tv\u00e5gsbehandling<\/span> L\u00e4s mer &raquo;<\/a><\/p>\n","protected":false},"author":1,"featured_media":0,"parent":0,"menu_order":0,"comment_status":"closed","ping_status":"closed","template":"","meta":{"site-sidebar-layout":"default","site-content-layout":"default","ast-global-header-display":"","ast-main-header-display":"","ast-hfb-above-header-display":"","ast-hfb-below-header-display":"","ast-hfb-mobile-header-display":"","site-post-title":"","ast-breadcrumbs-content":"","ast-featured-img":"","footer-sml-layout":"","theme-transparent-header-meta":"","adv-header-id-meta":"","stick-header-meta":"","header-above-stick-meta":"","header-main-stick-meta":"","header-below-stick-meta":"","footnotes":""},"class_list":["post-328","page","type-page","status-publish","hentry"],"_links":{"self":[{"href":"https:\/\/www.spino.se\/index.php?rest_route=\/wp\/v2\/pages\/328","targetHints":{"allow":["GET"]}}],"collection":[{"href":"https:\/\/www.spino.se\/index.php?rest_route=\/wp\/v2\/pages"}],"about":[{"href":"https:\/\/www.spino.se\/index.php?rest_route=\/wp\/v2\/types\/page"}],"author":[{"embeddable":true,"href":"https:\/\/www.spino.se\/index.php?rest_route=\/wp\/v2\/users\/1"}],"replies":[{"embeddable":true,"href":"https:\/\/www.spino.se\/index.php?rest_route=%2Fwp%2Fv2%2Fcomments&post=328"}],"version-history":[{"count":4,"href":"https:\/\/www.spino.se\/index.php?rest_route=\/wp\/v2\/pages\/328\/revisions"}],"predecessor-version":[{"id":335,"href":"https:\/\/www.spino.se\/index.php?rest_route=\/wp\/v2\/pages\/328\/revisions\/335"}],"wp:attachment":[{"href":"https:\/\/www.spino.se\/index.php?rest_route=%2Fwp%2Fv2%2Fmedia&parent=328"}],"curies":[{"name":"wp","href":"https:\/\/api.w.org\/{rel}","templated":true}]}}